se 8
141335
Convert -22001102 (base 3) to base 8.
-13356
-28d (base 15) to base 8
-1107
-37c2 (base 13) to base 5
-223212
26a (base 13) to base 7
1146
Convert -3495 (base 12) to base 6.
-43105
Convert 6445 (base 8) to base 12.
1b45
18c5 (base 16) to base 14
244d
What is 2703 (base 14) in base 7?
26003
-26432 (base 7) to base 9
-10635
Convert 188 (base 10) to base 7.
356
20200 (base 3) to base 13
10b
What is -51266 (base 7) in base 13?
-58c1
-5076 (base 10) to base 11
-38a5
-2da (base 15) to base 3
-220021
What is -2084 (base 9) in base 15?
-6c4
Convert 1890 (base 12) to base 11.
2277
10100011010 (base 2) to base 12
90a
Convert -543 (base 12) to base 8.
-1403
What is 613 (base 7) in base 16?
130
-507 (base 9) to base 16
-19c
100011101010000 (base 2) to base 16
4750
Convert -2431 (base 5) to base 6.
-1410
What is 10002200002 (base 3) in base 2?
1110111001000011
Convert -11100010 (base 2) to base 7.
-442
What is 305 (base 11) in base 2?
101110000
2461 (base 13) to base 14
1c3b
Convert -630 (base 7) to base 13.
-1b3
What is 89ab (base 12) in base 4?
3232103
21019 (base 12) to base 5
2340341
2000000220 (base 3) to base 9
60026
What is 1323 (base 12) in base 13?
cc3
What is 84a (base 12) in base 8?
2272
Convert 75376 (base 8) to base 10.
31486
Convert 423 (base 7) to base 5.
1323
-6415 (base 9) to base 2
-1001001101000
Convert -22002102 (base 3) to base 5.
-142042
What is -415 (base 8) in base 2?
-100001101
-25e5 (base 15) to base 5
-224330
What is -24020 (base 6) in base 12?
-2010
What is 8510 (base 14) in base 15?
6beb
Convert -1043 (base 8) to base 11.
-458
-1122001 (base 3) to base 12
-831
Convert 1001010010101000 (base 2) to base 15.
b421
222101 (base 3) to base 16
2c8
Convert -23513 (base 7) to base 15.
-1c0b
What is 20020122 (base 3) in base 16?
11c9
Convert -430 (base 9) to base 12.
-253
2002001 (base 4) to base 13
3a31
Convert -39127 (base 10) to base 8.
-114327
Convert 22112010 (base 4) to base 14.
11628
What is c16 (base 16) in base 13?
1540
Convert 1001010110010 (base 2) to base 13.
2242
Convert -1001011010010101 (base 2) to base 6.
-454245
What is 133b6 (base 14) in base 13?
1875b
Convert -2302331 (base 4) to base 2.
-10110010111101
-666 (base 11) to base 6
-3410
Convert 405 (base 14) to base 5.
11124
What is 18470 (base 15) in base 12?
39606
What is -1178a (base 12) in base 14?
-8842
Convert 42021 (base 5) to base 8.
5311
220201 (base 3) to base 15
2e7
What is -3d (base 14) in base 3?
-2001
What is -11022212 (base 3) in base 5?
-100110
10330010 (base 4) to base 5
1121403
Convert 142064 (base 8) to base 11.
34812
-194b (base 14) to base 6
-33103
3033240 (base 5) to base 15
e89a
Convert 32144 (base 6) to base 14.
1852
Convert 234 (base 10) to base 7.
453
Convert 95c (base 13) to base 6.
11222
311031 (base 5) to base 11
768a
What is -a (base 11) in base 6?
-14
-1313 (base 14) to base 9
-4531
What is -1901 (base 14) in base 6?
-32513
What is 2b5 (base 12) in base 16?
1a9
-685 (base 10) to base 6
-3101
What is -470 (base 12) in base 3?
-220110
What is 125043 (base 6) in base 16?
2cd3
-21011211 (base 3) to base 11
-3a28
Convert -4b6 (base 12) to base 16.
-2ca
Convert -3b8 (base 12) to base 5.
-4242
What is -31121101 (base 4) in base 9?
-83231
What is -a4b (base 15) in base 12?
-1415
What is 3431341 (base 5) in base 14?
1858b
15556 (base 7) to base 9
6031
Convert -1653 (base 12) to base 8.
-5137
What is 20b6 (base 12) in base 9?
4833
-222120 (base 3) to base 15
-32c
-448 (base 16) to base 2
-10001001000
-5110 (base 16) to base 11
-14656
Convert 203002 (base 6) to base 9.
24202
-1877 (base 16) to base 10
-6263
What is -1020021022 (base 3) in base 14?
-8ba6
Convert 113 (base 16) to base 12.
1ab
What is 2325 (base 7) in base 8?
1524
What is 19189 (base 10) in base 11?
13465
What is 554 (base 7) in base 3?
101112
Convert 1682 (base 9) to base 12.
8b5
What is 544 (base 11) in base 9?
805
137716 (base 9) to base 6
1450453
5f6 (base 16) to base 3
2002112
-51202 (base 6) to base 3
-100021202
What is -423 (base 5) in base 15?
-78
What is 30204 (base 6) in base 16?
f7c
2120200 (base 3) to base 16
759
What is -1301303 (base 5) in base 9?
-37513
154043 (base 6) to base 9
22700
1212 (base 3) to base 7
101
Convert -55252 (base 7) to base 12.
-8027
Convert -c94c (base 15) to base 3.
-2011102200
16207 (base 11) to base 4
11211130
-45311 (base 6) to base 11
-487a
Convert 1001120010 (base 3) to base 2.
101000101010100
What is 111016 (base 8) in base 11?
26101
Convert -241 (base 8) to base 14.
-b7
814 (base 15) to base 16
71b
Convert 3356 (base 13) to base 2.
1110000000001
What is 53450 (base 6) in base 4?
1302012
What is 40595 (base 11) in base 8?
163611
What is 20952 (base 10) in base 2?
101000111011000
What is -1002000210 (base 3) in base 11?
-14999
What is 653 (base 15) in base 14?
740
What is 331 (base 7) in base 4?
2221
Convert -311221 (base 4) to base 12.
-1ba1
Convert -18d (base 15) to base 8.
-546
What is 2101002 (base 3) in base 6?
12002
5446 (base 10) to base 5
133241
What is 1101012 (base 3) in base 5?
13004
Convert 52 (base 13) to base 12.
57
-11201000 (base 3) to base 15
-1039
13255 (base 6) to base 11
15a5
Convert 15425 (base 8) to base 3.
100111210
What is 1424 (base 5) in base 8?
357
What is -13320100 (base 4) in base 7?
-163042
31532 (base 8) to base 5
410041
What is -7782 (base 12) in base 16?
-3392
What is 1258 (base 12) in base 10?
2084
-1283 (base 15) to base 3
-12102020
What is 163 (base 7) in base 6?
234
Convert 2728 (base 13) to base 9.
7624
Convert 22000 (base 4) to base 11.
532
4400 (base 7) to base 3
2011002
322243 (base 5) to base 7
43630
-22132 (base 4) to base 3
-220211
What is -112 (base 8) in base 15?
-4e
What is 122100221 (base 3) in base 15?
3b41
Convert a559 (base 12) to base 9.
26706
What is -132143 (base 6) in base 12?
-7053
29133 (base 10) to base 6
342513
What is -14415 (base 8) in base 7?
-24461
81b (base 13) to base 7
4004
Convert -1200011000 (base 3) to base 2.
-1000000010010001
What is -1424 (base 7) in base 10?
-557
What is 303 (base 8) in base 5?
1240
-481 (base 12) to base 6
-3041
Convert -140 (base 14) to base 10.
-252
What is -37676 (base 8) in base 10?
-16318
Convert 5630 (base 12) to base 13.
445b
Convert -1053334 (base 6) to base 12.
-2724a
Convert -145124 (base 7) to base 8.
-67041
What is -3000 (base 11) in base 13?
-1a82
-3001 (base 4) to base 3
-21011
-911 (base 11) to base 7
-3132
Convert -102311 (base 6) to base 14.
-3067
2010022 (base 4) to base 12
4a8a
-10001111100000101 (base 2) to base 6
-1324101
-10100011100 (base 2) to base 13
-798
What is 1011001000 (base 2) in base 5?
10322
What is 16 (base 14) in base 13?
17
Convert -383 (base 11) to base 16.
-1c6
What is -7aa (base 16) in base 15?
-8ac
Convert 11961 (base 11) to base 13.
7a47
2624 (base 8) to base 9
1856
Convert -743 (base 9) to base 2.
-1001011110
Convert -231 (base 4) to base 6.
-113
Convert -200255 (base 6) to base 15.
-498e
Convert 22211 (base 4) to base 8.
1245
Convert -141 (base 15) to base 11.
-240
-1214300 (base 5) to base 6
-254455
What is -18434 (base 12) in base 13?
-1301b
Convert 43e1 (base 16) to base 9.
25747
Convert -241 (base 9) to base 13.
-124
What is -1101101000001001 (base 2) in base 16?
-da09
-1086 (base 11) to base 8
-2621
-42a9 (base 13) to base 7
-36004
Convert -f70 (base 16) to base 7.
-14344
What is -1a596 (base 12) in base 10?
-38850
What is 20535 (base 6) in base 5?
42140
Convert 5720 (base 8) to base 5.
44044
What is -11010011100 (base 2) in base 12?
-b90
Convert -20122311 (base 4) to base 6.
-423353
What is -172 (base 12) in base 8?
-346
100001010 (base 2) to base 13
176
12d51 (base 15) to base 16
ebd8
Convert -20232 (base 4) to base 10.
-558
What is -231030 (base 4) in base 7?
-11301
What is -111021 (base 3) in base 15?
-18d
-2002102101 (base 3) to base 14
-10dbd
What is -101010011001101 (base 2) in base 8?
-52315
Convert -33331 (base 5) to base 13.
-10b1
What is 10010111100 (base 2) in base 3?
1122220
3a55 (base 12) to base 8
15041
Convert -10010 (base 3) to base 13.
-66
-305 (base 12) to base 3
-121012
What is 115145 (base 7) in base 16?
520d
-8140 (base 9) to base 14
-224d
What is -30300 (base 4) in base 16?
-330
-24231 (base 14) to base 15
-1b22d
What is -29030 (base 10) in base 9?
-43735
What is 57b7 (ba